et g be h(-7). Let y(l) = 2*l**3 - 3*l**2 + l. Calculate y(g).
30
Let a(r) = 547 - 183 - 6*r - 2*r - 186 - 187 - r**2. Give a(-6).
3
Let b(d) = d - 1. Let g = -822 - -817. Calculate b(g).
-6
Let j(g) = 58*g + 2*g**2 - 21*g**3 - g**2 - 58*g. Give j(-1).
22
Let l be (-2)/3*27/(-6). Let p be (-1 - 0)/((-5)/15). Let v(m) = 0 - 3*m + 6*m**2 - p - 4*m**2. What is v(l)?
6
Let r be (-1 + -3)*(-27)/12. Suppose 5*f + 25 = 0, -r = 3*g - 2*g + 3*f. Let u(s) = -s**2 + 4*s + 6. Calculate u(g).
-6
Let l(k) be the first derivative of -17 + 8*k - 11*k - 3*k**2 + 8. What is l(-2)?
9
Let j(l) = -3*l**2 - 33*l + 9. Let x(v) = v**2 + 15*v - 4. Let b(s) = 4*j(s) + 9*x(s). Calculate b(0).
0
Let o(m) = -m**2 - 11*m - 7. Let t be o(-10). Suppose 0 = 3*f - f + 2*c, -3*f = 4*c + 2. Let r(b) = 0*b**2 + 4*b + t + f*b - b**2. Calculate r(6).
3
Let u(a) = -a + 4 - 3 + 0 - 5*a**2. Determine u(1).
-5
Let m(i) = 3*i + 39. Let c be m(-13). Suppose 4*p + p - k = 12, -4*k = 3*p + 2. Let d(q) = q**p - 8 + q + 0*q - q**3 + 0*q**3. What is d(c)?
-8
Let z = 33 + -33. Suppose 3*b - 6 = 4*x - z, -2*b + 4 = -4*x. Let o(s) = s**2 + 10. Calculate o(x).
10
Suppose 2*s + 14 = 2*i, -i = -0*s - 5*s - 19. Let k(t) = -10*t + i + 9*t - 5. Determine k(3).
-4
Let x(n) = -n**2 + 7*n + 7. Let t(f) = 3*f**2 - 8*f + 5. Let l be t(3). Determine x(l).
-1
Let b be ((-3)/(-9))/((-4)/60). Let u(a) = 6 - 3 - 7*a + 0 - a**2 - 10. Let z be u(b). Let d(t) = t + 3. Calculate d(z).
6
Suppose 5*n + 4 = 14. Let b(a) = -a**n - 3*a - 13*a + 10*a. What is b(-5)?
5
Let h(s) = -s. Let c be (-74)/851 - (-372)/46. Determine h(c).
-8
Let t = 109 + -222. Let z = 108 + t. Let n(h) = -h**2 - h + 6. What is n(z)?
-14
Let n(x) be the second derivative of x**5/5 - x**3/3 - x**2/2 - 561*x. Let y(w) = -2*w**2 - 2*w + 1. Let g be y(1). Let u = g - -2. Give n(u).
-3
Let d be 2*2*36/16. Let a(z) = 6 + d*z**2 - 8*z**2 - 7*z - 1. Give a(4).
-7
Let m(z) = -2*z - 28. Let r be 2/(-1) + (4 - -2). Suppose -35 = -3*l - r*y, 2*l - 5*y + 10 = -5. Let q(j) = j + 14. Let i(n) = l*q(n) + 2*m(n). Calculate i(-6).
8
Let v(t) be the first derivative of 1/120*t**5 + 11/3*t**3 + 0*t**2 + 0*t - 2 + 1/6*t**4. Let o(d) be the third derivative of v(d). Determine o(-5).
-1
Let y(x) = -517*x + 4*x**2 - 2*x**2 + 20 - x**3 + 516*x - x**2. Give y(0).
20
Suppose -2*w = 2*w - 20. Let j(s) be the third derivative of -s**5/60 + s**4/8 + 20*s**2 + 2. Determine j(w).
-10
Let r(g) = -g + 4. Let y(l) be the third derivative of l**5/60 - l**4/12 - 2*l**3/3 - 10*l**2. Let j be y(-2). Determine r(j).
0
Let f(c) = -c**3 - c**2. Suppose 4*s - 6 = s. Let m(a) = -a**3 + 3*a**2 - 4*a + 5. Let t be m(s). Give f(t).
-2
Let m(a) be the second derivative of -a**3/6 + 7*a**2 + 157*a. What is m(8)?
6
Suppose 223*x - 214*x = 36. Let w(o) = o**3 - 4*o**2 - 3*o + 3. Determine w(x).
-9
Let s be (3 + -2 + -2)*-5. Suppose -x + 4 = 2*f, 0 = x - 5*f + 5 + s. Let d(z) = 1 + z**2 + 0*z + x + 4*z. What is d(-4)?
1
Let o(s) = s + 5. Let k(h) = 44*h - 4 - 7 - 46*h. Let c(g) = 3*k(g) + 7*o(g). Calculate c(-4).
-2
Let u(l) = 37*l + 38*l - 68*l. Suppose 2*n = -n - 3. Calculate u(n).
-7
Let t(f) = -f**3 - f**2 + 3*f - 2. Suppose -4*g - 18 = -5*p, -3*p + 4*g + 8 = -6. Let i be t(p). Let q(y) = y**2 + 7*y - 7. Determine q(i).
1
Suppose -s - 3*r = 3, 3*r - 7 = s + 2. Let n(v) = -3*v - 8. Determine n(s).
10
Let u(y) = 2*y**3 + 9*y**2 + 0 + 0*y**3 - 5*y**2 - 3. Let o be u(-3). Let r be 46/14 - (-6)/o. Let p(k) = -k**3 + 3*k**2 + k + 1. What is p(r)?
4
Let w(v) = v**3 + 4*v**2 - v - 1. Suppose -2*c - m + 14 = 0, 3*c = -m - 13 + 33. Suppose -j = -c*j + 45. Let n = 5 - j. Determine w(n).
3
Let w be 14 - 13 - 2/2. Let y(z) be the second derivative of 1/12*z**4 + 0 - 4*z + w*z**2 + 5/6*z**3. Calculate y(-6).
6
Suppose -7*t - 8 - 41 = 0. Let d(o) = 7*o - 7*o**2 - 3*o**2 + 4*o**2 - 2 - o**3. Give d(t).
-2
Let u(o) = -5*o**3 - 2*o**2 - o + 3. Let x(c) = -c**3 - c**2 - 1. Let d(f) = -u(f) + 4*x(f). Let z be d(3). Let a(w) = -z - w + 0 - 2 + 5. Calculate a(-2).
0
Let v(l) be the second derivative of 0 + 7*l - 2/3*l**3 + l**2 - 5/12*l**4. Let k(x) = 6*x**2 + 5*x - 2. Let i(s) = 3*k(s) + 4*v(s). Calculate i(2).
-8
Let k(w) = 2*w. Let s be (-20)/30 + ((-190)/6)/5. Calculate k(s).
-14
Let a(m) = m**3 - 4*m**2 + 2*m - 10. Let d(y) = y**2 - y - 1. Let u(z) = a(z) + 3*d(z). Suppose 17*r = 12*r. Determine u(r).
-13
Let g(a) = a**3 - 3*a**2 - 5*a + 2. Let m be g(5). Let x be (45/m)/(2/12). Let s(i) = x + i - 21 + 13. Calculate s(4).
6
Let v(m) = -21*m**2 + 4 - 3*m + 42*m**2 - 22*m**2. Let a be -1 + 3 + (-28)/(-4). Let r = 4 - a. Calculate v(r).
-6
Let g = -8 + 5. Let z be 4/(-6) + 7/g. Let u(d) = 6*d + 8*d + 2 + 6*d - 19*d. What is u(z)?
-1
Let r(c) = c**2 + 18*c - 11. Let i be r(-19). Let d(k) = -i + 2 - k + 4. Calculate d(-4).
2
Let h(f) be the first derivative of -f**3/3 - 2*f**2 + 5*f - 10. Let q(w) be the first derivative of h(w). Let b be 4/(-10)*30/3. Give q(b).
4
Let l(v) = -v**2 + 5*v. Let o be (8/(-2))/((-6)/33). Let b = o + -19. Suppose -b*z = 0, 0 = 2*h + 6*z - 3*z - 6. Give l(h).
6
Suppose -4*c + 16 = 0, -3*t + c = -4*c + 20. Suppose -5*j + j + 4 = t. Let m(f) = f**2 + j - f**2 + 2*f**2 - 4*f**2. Determine m(2).
-7
Let n be ((-21)/(-5))/(4/20). Let w(q) = 22*q**2 - n*q**2 + 11*q - 4 - 3*q. Let h be -11 - (-4)/(8/6). Calculate w(h).
-4
Let k be 2/(-2*(-7)/28) + -10. Let l(j) = -5*j - 16. Give l(k).
14
Let r = -49 + 50. Let m(z) be the first derivative of -4*z**3/3 + 3*z**2 - 1. Let l(o) = o**2 - 1. Let j(v) = r*m(v) + 3*l(v). What is j(5)?
2
Suppose -369*f + 26 = -367*f. Let z(b) = b**3 - 13*b**2 - b + 9. Calculate z(f).
-4
Suppose 3*j + 5*p - 43 = 0, -6*j + 2*j - 4*p = -44. Suppose 3 = -3*c + j. Let d be (-2*c)/((-6)/9). Let s(r) = r**3 - 3*r**2 - 2. What is s(d)?
-2
Let m(p) = 23*p - 28. Let q(n) = -10*n + 12. Let z(a) = 3*m(a) + 7*q(a). Suppose 0 = -4*x - 16, -2*x - 23 = -0*t + 5*t. Determine z(t).
3
Let c be (0 - -4) + 8 + (-12)/2. Let u(f) = 8 + 46*f - c + f**2 - 39*f + 5. Calculate u(-5).
-3
Let p(z) be the second derivative of -z**5/60 + z**4/24 + 5*z**3 + 21*z. Let k(b) be the second derivative of p(b). Determine k(-3).
7
Suppose y - 20 = -y + 3*k, 2*y - 12 = k. Let n(a) = 4*a**2 - a. Let c(r) = 3*r**2 - 2*r - 1. Let w(f) = -3*c(f) + 2*n(f). Calculate w(y).
3
Let y be 2/8 - (-129)/12. Let z = y - 15. Let r(q) be the second derivative of 2*q**3/3 + 5*q**2/2 - 4*q. What is r(z)?
-11
Let b(x) be the third derivative of x**5/60 + x**4/3 + 3*x**3/2 - 2*x**2. Suppose 107 = 34*a + 311. What is b(a)?
-3
Let b be (-5)/(-40)*4*0. Suppose b = -3*n - 7 - 5. Let k(h) = -5*h - 6. Give k(n).
14
Let p = 898 - 903. Let r(f) = -f**3 - 7*f**2 - 6*f - 7. Calculate r(p).
-27
Let p(m) = m**2 - 6*m + 4. Let q(n) = -7 - 4*n**2 + 3*n**2 + 10 - 15*n. Let a be q(-15). What is p(a)?
-5
Let i(b) = -b. Let v(y) = -y**2 - 11*y - 7. Let x(c) = -4*i(c) + v(c). Let h = 4 + -10. Determine x(h).
-1
Let s be (4*(1 - 2))/1. Let q be (3/(-6))/((-1)/s). Let o(d) = 2*d**3 + 2*d**2 + d + 1. Determine o(q).
-9
Let c(s) = -s**2 + 18*s - 12. Let w be c(17). Let r(h) be the first derivative of -h**2/2 + 87. What is r(w)?
-5
Let t be ((-2)/(-1*6))/(35/(-420)). Let b(c) = -c**3 - 5*c**2 - c + 6. Calculate b(t).
-6
Let n(w) = -8*w**2 + 2*w + 8*w**2 - 1 + 0*w**2 + 2*w**2. Calculate n(-2).
3
Let m(s) = -s**2 + 16*s - 40. Let i be m(3). Let o(x) = 9*x**3 - x. What is o(i)?
-8
Suppose 0 = -0*h + h - 4. Let s be ((-18)/h)/((-2)/8). Suppose -2*l = 3*u - 25, s = u + 3*l - 2. Let v(a) = -a**2 + 7*a - 7. Calculate v(u).
3
Let i = -234 + 240. Let j(s) = 4*s - 29. Calculate j(i).
-5
Suppose 3 + 75 = 3*d. Let s = -24 + d. Let r(o) = o**2 - 5*o - 2 - s - 4 - 2*o. Calculate r(6).
-14
Let o(t) = -t**3 - t**2 + 2. Let p(x) = -4*x**3 - 7*x**2 - 6*x + 18. Let v(h) = 5*o(h) - p(h). Calculate v(3).
1
Let q(t) = -t**2 + 6*t. Suppose -47*c + 55*c = 24. What is q(c)?
9
Let v(s) = 2*s**2 - 5*s - 9. Let a be v(4). Let w(z) = 46*z + 3 + 2*z**3 + 1 - a*z**3 - 52*z + 6*z**2. Calculate w(5).
-1
Suppose -5*w + 30 = o, 0 = -20*o + 16*o - 2*w + 30. Let a(b) = b**3 - 4*b**2 - 5*b + 6. What is a(o)?
6
Suppose 0 = -83*v + 312 + 186. Let g(n) = n**2 - 13*n - 7. Give g(v).
-49
Let l = 203 - 202. Let z(w) = -15*w. What is z(l)?
-15
Let v(c) = 4*c**3 - 15*c**2 + 60*c - 15. Let w(g) 